) = -z**3 - 9*z**2 + 15*z - 16. Suppose 3*w + 26 = w - 2*h, 0 = -w - 5*h - 21. What are the prime factors of f(w)?
61
Let s(q) = q**3 + 14*q**2 - 22*q - 12. List the prime factors of s(-13).
443
Suppose 284*d + 5621 = 295*d. List the prime factors of d.
7, 73
Let q(p) = -p + 17. Let u(t) = -1. Let w(o) = -q(o) - 5*u(o). Let i be w(10). What are the prime factors of i/4*-88 - -4?
2, 3
Suppose 0 = -46*w + 28*w + 44550. What are the prime factors of w?
3, 5, 11
Suppose -3*y - 2*b + 10 = -2*y, -2*b + 22 = 4*y. Suppose 351 = y*m + 2*q + q, 188 = 2*m + 4*q. What are the prime factors of m?
2, 3, 7
Let n be 9/((-2)/(24/(-2))). What are the prime factors of 12/n + 500/18?
2, 7
Suppose -q + 183 = -x, -x - 211 = 3*q - 36. Let l = -98 - x. What are the prime factors of l?
83
Suppose -5*c - 3*u + 8017 = 0, -c = 4*c + 4*u - 8016. What are the prime factors of c?
2, 401
Let h(b) be the third derivative of 227*b**5/60 + b**4/8 + b**3/3 - 43*b**2. List the prime factors of h(-1).
2, 113
List the prime factors of 17 + -11 + -1 + -2.
3
Let z = -50 + 191. Let p = z - -21. What are the prime factors of p?
2, 3
Let m = 10 + -8. Let b(q) = -q + 15*q**m + 5*q - 1 - 2*q. What are the prime factors of b(1)?
2
Let z = 15 + -16. Let h = z - -10. Let t(c) = c - 4. List the prime factors of t(h).
5
Let q be (-1)/(-6) + (-523)/6. Let f = 3 - q. List the prime factors of f.
2, 3, 5
Let n = 2449 + -1660. List the prime factors of n.
3, 263
Suppose -6621 = -8*n + 9571. List the prime factors of n.
2, 11, 23
Suppose 2*f - 4 = 4*y + 6, -4*f = -3*y - 30. Let l(t) = t**3 - 6*t**2 + 4*t + 5. Let v be l(5). Suppose v = n - f. List the prime factors of n.
3
Let d be 30/8 + (-6)/8. Let u(b) = -b**3 - 5*b**2 + 6*b + 6. Let q be u(-6). Suppose 2*m - q*m - d*z + 73 = 0, 3*m + 5*z - 63 = 0. List the prime factors of m.
2
Let t be (-3)/24 - (-33)/8. Suppose -244 = -9*k + t*k - b, 2*k = b + 92. List the prime factors of k.
2, 3
Let i(y) = -y**3 + 13*y**2 - 15*y + 11. Let v be i(11). Suppose -15*u + 2 = -v. List the prime factors of u.
2, 3
Let r(o) = 20*o**2 + 11*o + 4. Let m(h) = 7*h**2 + 4*h + 1. Let w(q) = -8*m(q) + 3*r(q). What are the prime factors of w(4)?
2, 3
Let o be (-37)/(-6) + (-1)/6. Suppose -o*k + 2*k - 3*t + 227 = 0, 0 = 3*k - 4*t - 139. What are the prime factors of k?
53
Suppose 2*o - 2*u - u = 12, 4*o + u = 10. Suppose -3*j = b - 15, -o*b - 2*j + 105 = -5*j. Suppose -b = -y - y. List the prime factors of y.
3, 5
Let j(w) = -4*w - 5. Let y be j(4). Let m = 337 + -352. Let n = m - y. What are the prime factors of n?
2, 3
Let y be (-42)/28 + 18/4. Suppose -2*m - 4 = -q + 2, -14 = -y*q + 4*m. Suppose -q*k + 24 = -k. What are the prime factors of k?
2, 3
Let l = -14 + 12. Let f be (-1)/1 - l/2. Suppose f = a - 17 - 48. What are the prime factors of a?
5, 13
Let h(f) be the second derivative of f**6/180 + f**5/15 - f**4/4 - f**3/3 - f. Let t(y) be the second derivative of h(y). List the prime factors of t(-6).
2, 3
Suppose 4*b - 7*b + 75 = 0. What are the prime factors of b?
5
Let s(z) = 9*z + 5. Let c(t) = t**3 - 3*t**2 - 2*t + 1. Let d be c(4). List the prime factors of s(d).
2, 43
Let u be 12/(-7) + (-12)/42. Let h be 47 + 1 + -1 + u. Suppose -n = 4*n - 5*a - h, 3*a + 3 = 0. List the prime factors of n.
2
Suppose 0 = 2*t - 6, -2*d = 2*d + t - 15. Let b = d - -45. Let c = -30 + b. What are the prime factors of c?
2, 3
Suppose -22*c + 3582 = -4712. What are the prime factors of c?
13, 29
Let p(b) = 2*b**2 + b + 311. What are the prime factors of p(-24)?
1439
List the prime factors of (-18)/(-4)*(1 - 353/(-3)).
2, 3, 89
Let h be 1/5 + (-408)/40. What are the prime factors of 1534/8 - h/8?
193
Let x(z) = 276*z + 3. Let h(o) = -o**3 + 11*o**2 - 1. Let v be h(11). Let w be x(v). What are the prime factors of (-704)/(-13) - (-42)/w?
2, 3
Let r(k) = -25*k + 50. List the prime factors of r(-11).
5, 13
Suppose 3*s - 3 = -0. Let t be -148*-3*s/6. Suppose -q + 2*q - 2*r = 26, -5*q - 4*r + t = 0. What are the prime factors of q?
2, 3
Suppose -13*f + 18 = -11*f. Suppose f*v - 1022 = -5*v. What are the prime factors of v?
73
Let a(s) = 936*s + 60. What are the prime factors of a(1)?
2, 3, 83
Let d be (-2 + 5)/((-3)/27). Let a = 30 + d. Suppose a*s - 54 = 24. List the prime factors of s.
2, 13
Suppose 2*y - 28 = -2*y - 4*b, 3*y - 17 = -b. Suppose y*c - 5*o - 505 = 0, 2 = 3*o - o. What are the prime factors of c?
2, 3, 17
Let n = 76 + 76. Suppose -n = -5*w - 47. What are the prime factors of w?
3, 7
Suppose -2*w + 214 = -2*f + 1130, w - 4 = 0. What are the prime factors of f?
2, 3, 7, 11
Let s = 128 - 161. Let o = 153 - s. List the prime factors of o.
2, 3, 31
Suppose -4*t + 1 + 35 = 2*z, 0 = 4*t + 20. Suppose -5*a = z - 113. What are the prime factors of a?
17
What are the prime factors of -428*(2 + 1 + -5)/4?
2, 107
Let u be -5 - -4 - (-8 + 3). Suppose -u*b + 84 = 4*h, -2*h - 3*h + b = -111. List the prime factors of h.
2, 11
List the prime factors of (462/(-9))/((-8)/120) - -4.
2, 3, 43
List the prime factors of ((-12 - -1) + 17)*(-206)/(-6).
2, 103
Let y(a) = -14*a + 19. Let o be y(-25). Suppose 3*l - 12*l + o = 0. What are the prime factors of l?
41
Let s be 2 + (-135)/(-3) - (-2 + -1). Suppose 222 = 51*t - s*t. List the prime factors of t.
2, 3, 37
Let d(o) = -51*o - 75. What are the prime factors of d(-12)?
3, 179
Suppose 4*z - 12 = -0*l + 3*l, 5*l - 5*z + 15 = 0. Let t be l + 0/(3 + -4). Suppose t = -0*u - u + 40. What are the prime factors of u?
2, 5
Let y(n) = -3*n - 4. Let k be y(-4). Suppose 6*v + 10 = k*v. Suppose w - 4*g = -w + 28, -2*w + v*g = -33. What are the prime factors of w?
2
Let f(q) = 3*q**3 - 2*q**3 + 8*q + 0*q**3 + 15 - 9*q**2. What are the prime factors of f(8)?
3, 5
Suppose -25335 = -5*t - 2*v, -10*v = -6*v. List the prime factors of t.
3, 563
Let s be 2/2*-3 + 23. Suppose 3*h + s = -2*h. Let z(x) = -x**3 - 2*x**2 - 1. What are the prime factors of z(h)?
31
Suppose c + 2*c = 0. Suppose c = 3*s - 8*s + 25. Suppose 96 = 8*a - s*a. What are the prime factors of a?
2
Let r be 0/(0 + (1 - -1)). Suppose 2*n + 2*w - 152 = r, -n + 3*w + 18 = -42. What are the prime factors of n?
2, 3
Suppose -4*z + 1490 = -3*n, 3*z + 3*n - 385 = 722. List the prime factors of z.
7, 53
What are the prime factors of ((-168)/(-18) - 6)*102?
2, 5, 17
Let o(g) = g**3 + 5*g**2 - 6*g + 3. Let a(d) = d**3 - 6*d**2 - d. Suppose 1 = -5*i + 31. Let k be a(i). What are the prime factors of o(k)?
3
Let w(x) = x**2 + x - 6. Suppose 0 = v - 5*f - 2 - 6, 5*f = 20. Suppose l + 12 = 3*t, v = -3*l - 2*l - t. List the prime factors of w(l).
2, 3
Suppose -11*f + 3308 + 443 = 0. List the prime factors of f.
11, 31
Suppose -2796 = -15*l + 9*l. List the prime factors of l.
2, 233
Let f(p) = -57*p - 19. Let k be f(-7). Suppose -33*y = -38*y + k. What are the prime factors of y?
2, 19
Suppose 0*l = 5*l + 10. Let f(g) = -g + 2. Let n be f(l). Suppose -5*q + b = 4*b - 130, -5*q + n*b + 95 = 0. What are the prime factors of q?
23
Suppose 4*l = 12 - 0. Suppose 0 = 2*p - 5*t - 16, -2 = -l*t + 4*t. Suppose -3*i + 37 = 2*h, 0 = 4*h - p*i + 5*i - 62. List the prime factors of h.
2, 7
Let a = -32 - -35. List the prime factors of ((-204)/a)/(-1 + 0/(-1)).
2, 17
Suppose -7*t - 83 = -10*t + m, -t - 4*m + 32 = 0. List the prime factors of t.
2, 7
Suppose 5*m - 18 = -2*b + 3*b, -5*m = -4*b + 3. Suppose y = -4*i - b, 0*i + 4*i = 4*y + 8. List the prime factors of y + 3 + (10 - -2).
2, 3
Let q(v) = -v**3 + 6*v**2 - 5*v + 5. Suppose -j = 0, 0*g + j = 4*g - 20. Let r be q(g). Suppose r*f - 3*f - 4 = 0. What are the prime factors of f?
2
Let m(c) = -4*c**2 + 2*c + 14. Let g be m(-3). Let q = g + 108. List the prime factors of q.
2, 5
Let z be (-1)/(-2) + 9/6. Suppose 0 = -0*h + z*h + 12. What are the prime factors of 161/21 + 4/h?
7
Suppose -47*n - 11401 = -96800. What are the prime factors of n?
23, 79
Let k(l) = 10*l**2 + 2*l**3 - 4 - l**3 + 3*l - 5*l**2. Let n be k(-3). Suppose 4*x - 91 = -3*v, 3*v - n*x = 6 + 76. List the prime factors of v.
29
Let b = 86 - -498. What are the prime factors of b?
2, 73
Let j(n) = 39*n**2 - 9*n + 76. What are the prime factors of j(8)?
2, 5
Let o(t) be the third derivative of t**4/3 + 11*t**3/6 + 2*t**2. Let w be 2 + 3 - (0 + 0). What are the prime factors of o(w)?
3, 17
Let u(r) = 28*r + 142